 number?
True
Is 1615932661 a composite number?
True
Is 449070614 composite?
True
Is 107425618303 a prime number?
False
Is 7310177309 a prime number?
True
Is 3140465957 composite?
False
Is 8477116721 a prime number?
True
Is 2761362419 a composite number?
True
Is 685884229 prime?
True
Is 1431329213 a prime number?
True
Is 1249139239 prime?
False
Is 640403299 prime?
True
Is 205508738 composite?
True
Is 41122104697 prime?
True
Is 139083374929 a composite number?
True
Is 9917688707 composite?
True
Is 741027223 composite?
True
Is 85201303571 a prime number?
False
Is 629280226 prime?
False
Is 907654045 composite?
True
Is 2477016067 a composite number?
False
Is 553731699 prime?
False
Is 5879207141 composite?
False
Is 2360823623 prime?
False
Is 5247170351 a composite number?
True
Is 1478355421 prime?
False
Is 9190486031 composite?
True
Is 38943047359 a composite number?
False
Is 35888781169 composite?
True
Is 38233533157 a prime number?
False
Is 285564491 prime?
False
Is 3332826511 a composite number?
True
Is 3933761327 prime?
True
Is 1267407761 composite?
False
Is 8786461381 a composite number?
True
Is 1559315806 prime?
False
Is 31656113 prime?
True
Is 982685689 a prime number?
True
Is 8064113341 a composite number?
True
Is 2098128311 a composite number?
False
Is 598745237 a prime number?
True
Is 6923783917 composite?
False
Is 62750178619 a prime number?
True
Is 5336702071 a prime number?
False
Is 6882886319 composite?
True
Is 569844461 a prime number?
False
Is 24294169781 a composite number?
True
Is 843028061 composite?
False
Is 425127581 prime?
False
Is 168335565473 composite?
False
Is 9572051 a prime number?
True
Is 20324656895 prime?
False
Is 1436519281 composite?
True
Is 7626372293 a composite number?
False
Is 254140417 prime?
False
Is 46199588521 prime?
True
Is 101665339 prime?
False
Is 190252903 prime?
False
Is 547534415 prime?
False
Is 278959657 prime?
True
Is 14959974971 prime?
True
Is 1515305977 a composite number?
True
Is 185218259 composite?
False
Is 2708046817 a prime number?
False
Is 2584495961 a prime number?
True
Is 35860088851 composite?
True
Is 5114202406 a composite number?
True
Is 33183347 composite?
False
Is 978364631 a prime number?
False
Is 1524056431 prime?
True
Is 4134816779 a composite number?
False
Is 930661813 a prime number?
False
Is 1995453073 composite?
True
Is 216417101 composite?
True
Is 36652927391 a composite number?
False
Is 1098665231 a composite number?
False
Is 1699549903 composite?
False
Is 89818867 a prime number?
True
Is 109021049 composite?
False
Is 69050461 a prime number?
True
Is 87732922031 a prime number?
False
Is 5895442786 composite?
True
Is 513029793 prime?
False
Is 948016561 prime?
True
Is 10810859597 prime?
False
Is 2919104891 prime?
True
Is 144743591 a prime number?
False
Is 58632302 a composite number?
True
Is 3018978089 prime?
True
Is 341804599 a composite number?
False
Is 272313043 prime?
True
Is 4853164109 composite?
False
Is 21822219739 a prime number?
False
Is 7726252459 a composite number?
False
Is 19006504871 prime?
False
Is 6424091651 a prime number?
False
Is 454401427 prime?
True
Is 192121526239 prime?
False
Is 1894116359 prime?
True
Is 5495854621 composite?
True
Is 3541425893 a prime number?
False
Is 2733015682 a prime number?
False
Is 5215188793 a prime number?
False
Is 851940887 a composite number?
True
Is 5201345989 a composite number?
True
Is 866436050111 composite?
False
Is 584650641 a composite number?
True
Is 1604591033 a prime number?
False
Is 236423141 a prime number?
False
Is 837052963 prime?
True
Is 2707317229 composite?
False
Is 1307002303 a composite number?
False
Is 529344971 prime?
True
Is 3351056221 a composite number?
False
Is 88103999 prime?
True
Is 182959877 a prime number?
True
Is 5275706099 composite?
False
Is 1890316979 a prime number?
True
Is 1170721511 prime?
False
Is 18946973 a composite number?
False
Is 115838911 composite?
True
Is 34277255 a prime number?
False
Is 123737319623 composite?
False
Is 6727304687 prime?
True
Is 43444236371 a prime number?
False
Is 3454625893 prime?
True
Is 9808046351 a prime number?
False
Is 2303582383 a composite number?
False
Is 5724555335 a composite number?
True
Is 14839556099 prime?
False
Is 246581095091 prime?
False
Is 78230489 a composite number?
True
Is 16175105803 prime?
True
Is 1208163161 a prime number?
True
Is 74503787 a composite number?
True
Is 25222264283 prime?
False
Is 20618621549 prime?
True
Is 477815291 prime?
True
Is 292818371 composite?
True
Is 1866551761 prime?
True
Is 1363956227 a prime number?
True
Is 2421740029 a prime number?
False
Is 581104571 prime?
False
Is 13191027253 a prime number?
True
Is 68864075737 prime?
True
Is 3552080911 prime?
False
Is 3562522321 a prime number?
True
Is 645373007 a prime number?
True
Is 59578835 prime?
False
Is 34103602031 a prime number?
True
Is 34412048347 a prime number?
True
Is 1222215073 a prime number?
False
Is 2209504069 prime?
True
Is 3185067497 a prime number?
True
Is 117211775053 a prime number?
False
Is 1314496789 prime?
False
Is 3038817781 composite?
False
Is 1020802931 composite?
False
Is 21106394399 a composite number?
False
Is 8180401637 composite?
False
Is 248642473 a prime number?
False
Is 245466593 a composite number?
True
Is 6615672353 composite?
True
Is 31851107285 composite?
True
Is 42585175207 prime?
False
Is 593116651 a composite number?
True
Is 26531965 composite?
True
Is 79649551837 a prime number?
False
Is 2677208353 prime?
False
Is 176819761 prime?
True
Is 8510443523 a prime number?
False
Is 6340502281 a prime number?
False
Is 9187264987 a prime number?
False
Is 372373961 a composite number?
False
Is 1712031977 prime?
True
Is 3897266501 a composite number?
False
Is 62082595063 a prime number?
False
Is 6957948793 a composite number?
False
Is 1187098987 a prime number?
False
Is 172516037 a composite number?
True
Is 468780251 a composite number?
False
Is 726318283 a prime number?
True
Is 3563180087 composite?
True
Is 9968271097 composite?
False
Is 42792943 prime?
False
Is 208055527 a prime number?
True
Is 1029007807 a prime number?
False
Is 6096059335 composite?
True
Is 3396520229 prime?
True
Is 84144187649 a composite number?
True
Is 1981817549 composite?
True
Is 489019801 a prime number?
False
Is 173244581 composite?
False
Is 3856695127 a composite number?
True
Is 122703584807 prime?
False
Is 2030495897 composite?
False
Is 42190665082 composite?
True
Is 2709262717 prime?
False
Is 371877607 prime?
True
Is 239057057 a prime number?
True
Is 198104693 composite?
False
Is 1880457463 a prime number?
True
Is 42643421 a composite number?
False
Is 2351766229 a prime number?
False
Is 72788496061 a composite number?
False
Is 9007576763 a composite number?
False
Is 3303332881 prime?
True
Is 32533811927 a composite number?
False
Is 44330568379 a prime number?
False
Is 16495270637 a composite number?
False
Is 508962547 composite?
True
Is 16097320589 a prime number?
False
Is 4043176769 composite?
False
Is 2255215927 a prime number?
False
Is 540575221 composite?
False
Is 1278196789 a prime number?
True
Is 25481701307 prime?
True
Is 948254069 a composite number?
True
Is 23540789443 a composite number?
True
Is 18931986599 prime?
True
Is 145663342919 a prime number?
False
Is 120698527297 a composite number?
False
Is 500160299 prime?
True
Is 1687891817 a composite number?
True
Is 56366666809 prime?
True
Is 7651064567 a prime number?
True
Is 680767103 a prime number?
False
Is 230379269 a prime number?
False
Is 5486572255 a prime number?
False
Is 68589352367 a prime number?
True
Is 2421778461 a composite number?
True
Is 688764350927 prime?
True
Is 437141251 prime?
True
Is 96983774101 a composite number?
True
Is 526078051 prime?
False
Is 17594104631 prime?
True
Is 3392067533 a composite number?
False
Is 6386497121 composite?
False
Is 31000157 a composite number?
False
Is 1617090781 composite?
False
Is 1097015323 prime?
True
Is 442634779 a composite number?
False
Is 37200272201 composite?
False
Is 4277557762 a composite number?
True
Is 2110208873 composite?
False
Is 61087406267 prime?
True
Is 26437413703 composite?
True
Is 266419157 a composite number?
True
Is 2383981591 composite?
False
Is 22166296547 a prime number?
True
Is 48703327181 prime?
False
Is 1108826533 composi